 - 8. What is the greatest common divisor of 22 and j?
11
Let g(p) = -4*p - 4. Suppose -a - 2 = 1. Let c be g(a). Let m be (4/10)/(1/20). Calculate the greatest common factor of c and m.
8
Suppose 4*t + 0*t - 78 = -b, -t + 16 = 2*b. Calculate the greatest common factor of t and 10.
10
Let n be -30*(-3 - 39/(-15)). Let u be (-1)/(-4) - (-45)/n. Let f(b) = b**2 - 4*b - 4. Let h be f(5). Calculate the highest common divisor of h and u.
1
Let g be (102 - 2)/(-1 - -2). Let f be (-1*2)/((-1)/(-12)). Let b be f/(-3)*(-5)/(-2). Calculate the greatest common divisor of b and g.
20
Suppose 5*r + 5*y - 2*y = -67, 41 = -3*r - 2*y. Let o be (-2)/r + (-159)/(-33). Calculate the highest common factor of o and 5.
5
Let p(m) = 8*m + 17. Let d be p(-2). Let g(c) = -c**3 + c**2 + 2. Let b be g(0). Suppose b = -j + 3*j. Calculate the greatest common factor of d and j.
1
Suppose 5*f - 2*f = 9. Let b(k) = k. Let v be b(f). Suppose 5*h - 176 = v*h. Calculate the highest common factor of h and 8.
8
Suppose -79*x = -86*x + 84. Suppose 4*g = 63 - 27. Let q = g + -1. Calculate the greatest common factor of x and q.
4
Let b = 8 + 4. Let s be 124 + (2 - (-1 + 7)). What is the greatest common divisor of s and b?
12
Suppose 0 = -2*w + 23 + 13. Suppose -231 = -4*q + 5*d, -4*d + 49 = q + 7. Calculate the highest common divisor of w and q.
18
Suppose 2*t - 4*y - 3 - 3 = 0, -4*t + 25 = 5*y. Suppose -t*k + 333 = 8. Calculate the highest common divisor of k and 26.
13
Suppose 2 + 5 = a. Suppose -52 + a = 5*h - 5*b, -65 = 5*h - b. Let z = h + 25. What is the greatest common factor of 77 and z?
11
Let c(d) = 4*d**3 - d. Let u be c(1). Suppose 4*z + 3*m = 19, -3*z = -4*m - m + 22. Suppose -u*v + 2*v + z = 0. What is the greatest common divisor of 9 and v?
1
Let r be 4/(-6)*(-1)/(-2)*-63. What is the greatest common divisor of r and 273?
21
Suppose -4*d - 5*a = -29, -a = 5*d - 2*a - 29. What is the highest common divisor of d and 30?
6
Let l = 61 + -57. Calculate the greatest common factor of l and 2.
2
Suppose 4*z = -37 - 7. Let y = 15 + z. Suppose 4*o = 5*w - 140, -28 = -2*w + w + y*o. Calculate the greatest common factor of w and 14.
14
Suppose 8*w - 5*w - 1078 = z, -2*w = -5*z - 710. Calculate the greatest common factor of w and 10.
10
Let y(x) = -x**2 - 8*x + 26. Let d be y(-10). Suppose -5*a = p - 6*p - 205, 0 = -4*p - 20. What is the greatest common divisor of d and a?
6
Let m be (1/(-2) + -2)*-2. Suppose -4*w = -3*j - 358, 2*j + m*w - 129 = -406. Let u be (-1 - (-3)/6)*j. Calculate the highest common factor of 9 and u.
9
Suppose -b = 2*t - 2*b - 12, -3*t - 5*b = -31. Calculate the greatest common divisor of 77 and t.
7
Suppose d - 6 + 0 = 0. Suppose -30 = -2*n - d. Suppose 2*v = h + 166, -v + 3*v - 2*h = 164. What is the greatest common factor of n and v?
12
Let t(f) be the second derivative of f**5/20 + 7*f**4/12 - 4*f**3/3 + 9*f**2/2 - 3*f. Let o be t(-8). Calculate the greatest common divisor of o and 9.
9
Let v(i) = i**3 - i**2 - 6. Let z be v(0). Let l be (-9)/z*(-132)/(-2). Calculate the greatest common divisor of l and 11.
11
Let w = 34 - 24. Let u be (-3627)/(-65) - (-2)/w. Calculate the highest common divisor of 8 and u.
8
Suppose -17 - 15 = 4*p. Let v be (-8)/2 - 13 - -2. Let w = p - v. What is the highest common divisor of w and 63?
7
Suppose 0 = -z - 3*z - y + 37, -29 = -3*z - 2*y. Let s(d) = 3*d**2 + 7*d - 7. Let q be s(6). Let f = q - 80. Calculate the highest common factor of f and z.
9
Let s = 4 - -24. What is the highest common divisor of 7 and s?
7
Let q(z) = z + 2. Let m be q(-6). Let v be (26/m)/((-1)/2). Let w = 9 + 4. What is the highest common factor of v and w?
13
Let h be ((0 + 1)*10)/2. Suppose 3*s = h - 29. Let p be (-158)/(-5) - s/20. Calculate the highest common divisor of 4 and p.
4
Suppose -5*f = -545 - 40. What is the highest common divisor of 13 and f?
13
Suppose 47 = 5*k - 2*g + 3*g, 0 = -3*k + 5*g + 45. Let o be (54/k + -1)*10. What is the greatest common factor of o and 11?
11
Suppose 0 = -4*t + 7*t + 27. Let g = t + 24. What is the greatest common divisor of g and 6?
3
Let u(d) = -2*d**3 - 3*d - 1. Let q be u(-2). Let c = 73 - q. Suppose 2*t - 3*y = 29, 0 = -2*t - t + 4*y + 43. Calculate the highest common divisor of c and t.
13
Let v(s) = -s**3 + 14*s**2 + 16*s - 5. Let a be v(15). What is the greatest common divisor of a and 5?
5
Suppose 0 = a - 5 + 12. Let b = -4 - a. Let x(p) = 4*p. Let g be x(b). Calculate the highest common factor of 108 and g.
12
Let s be (((-63)/(-6))/(-7))/((-2)/4). What is the highest common divisor of 21 and s?
3
Suppose -5*l - 19 = -3*x, 2*l + 11 = -l + 2*x. Let v be 6/21 - (-164)/14. Let t be (v/l)/((-6)/140). What is the greatest common factor of 7 and t?
7
Let i be -1 + 2 - (4 - 24). What is the highest common divisor of 42 and i?
21
Let h be 1/(-2) + 93/(-2). Let d = h + 157. What is the greatest common divisor of d and 10?
10
Let c(u) = -u + 3. Let o be c(3). Let r be 1 - (0 + (o - 3)). Suppose -i + 4 = -3*l + r*l, 4*i + 40 = 4*l. Calculate the highest common factor of 14 and l.
7
Let s = -11 + 9. Let l(o) = -6*o**3 - 2*o**2. Let p be l(s). What is the highest common factor of 16 and p?
8
Let m(k) = -7*k - 23. Let i be m(-8). What is the highest common divisor of 264 and i?
33
Let w be 9/(-3)*9*-7. Calculate the highest common divisor of 21 and w.
21
Let n = -29 + 81. Calculate the highest common factor of n and 4.
4
Suppose -5*n + 57 = -23. Let x(k) = 5*k**2. Suppose -3*s + 3 = 3*a, -2*s - 4*a + 12 = -0*a. Let c be x(s). What is the greatest common factor of n and c?
16
Let q = 8 + -6. Let r(o) = -10*o. Let g be r(q). Let i = g - -29. What is the greatest common factor of 6 and i?
3
Suppose 2*r + 2*r = 4*c - 40, c - 10 = 2*r. Calculate the greatest common divisor of c and 40.
10
Let u = -36 + 13. Let n = -8 - u. What is the highest common factor of 3 and n?
3
Suppose 0*d = -4*d - 5*z + 125, -3*d + 93 = 4*z. Calculate the highest common divisor of 385 and d.
35
Let x = -14 - -18. What is the highest common divisor of x and 20?
4
Suppose -y = -0*y - 2*j - 10, j + 9 = y. Calculate the greatest common factor of y and 8.
8
Let l = -69 + 81. Calculate the highest common factor of 6 and l.
6
Let z = 67 + -46. Calculate the highest common factor of z and 3.
3
Let x = 57 - 15. What is the greatest common factor of 6 and x?
6
Let c = -42 - -49. Calculate the highest common factor of c and 14.
7
Let f = 48 - -9. Suppose 0 = 4*d + 3*g - f, 2*g + 13 = 3. Let y(w) = -72*w**3 - w - 1. Let v be y(-1). What is the greatest common divisor of v and d?
18
Suppose 3*m - 2 - 7 = 0. Suppose -5*v - 3*y + 8*y + 235 = 0, -2*v - m*y + 114 = 0. What is the highest common factor of v and 34?
17
Let j = 5 - 3. Suppose -i = -j*i - 4*g - 5, -5*i + 5*g + 100 = 0. Calculate the greatest common divisor of 3 and i.
3
Suppose 5*p = -20, 5*w + 3*p - 78 = -0*w. Calculate the highest common factor of w and 162.
18
Let b be (-1 + -27)*1/(-2). Let d = 8 - 6. What is the greatest common factor of b and d?
2
Suppose 0 = 4*z + 4*g - 49 + 17, 0 = -4*z - 3*g + 27. Suppose -7*f - 116 = -z*w - 3*f, -5*w + 5*f = -200. What is the highest common factor of w and 11?
11
Suppose 0 = -7*i + 3*i + 16. What is the greatest common divisor of i and 32?
4
Let q(x) = x - 4 + 6*x + 3. Let n be q(3). Let u = 167 - 127. What is the highest common divisor of n and u?
20
Suppose -2 = 2*s - 3*s. Let o(g) = 3*g + 0*g + 5 - 3 + 2*g**s + 4. Let f be o(-6). Calculate the highest common divisor of f and 20.
20
Let s = 60 + -32. Calculate the highest common divisor of 4 and s.
4
Suppose -172 = -3*n - 52. Calculate the highest common divisor of n and 100.
20
Let u be 2/(-6) - (-94)/(-6). Let o = u + 33. What is the highest common divisor of o and 119?
17
Let d = 49 + -21. Suppose n - 2*n - 4 = 5*g, 5*n = -g + d. Suppose 12 = -3*l + n*l. What is the greatest common factor of 20 and l?
4
Let o(i) = 4*i**2 + 31*i + 13. Let z be o(-11). What is the highest common factor of 12 and z?
12
Suppose n + 29 = 3*n + 5*z, -2*z + 18 = 4*n. What is the highest common divisor of 4 and n?
2
Suppose 12*y = 8*y + 8. Calculate the greatest common factor of y and 16.
2
Suppose -w - 3 + 2 = 0, -3*f = -w + 38. Let i(m) = -6*m + 6. Let r be i(4). Let x = f - r. Calculate the highest common diviso